{"id":23,"date":"2024-12-08T16:35:23","date_gmt":"2024-12-08T16:35:23","guid":{"rendered":"http:\/\/www.pasitalo.com\/?page_id=23"},"modified":"2024-12-10T18:48:03","modified_gmt":"2024-12-10T18:48:03","slug":"23-2","status":"publish","type":"page","link":"https:\/\/www.pasitalo.com\/","title":{"rendered":""},"content":{"rendered":"\n<div class=\"wp-block-cover alignfull\" style=\"min-height:567px;aspect-ratio:unset;\"><span aria-hidden=\"true\" class=\"wp-block-cover__background has-background-dim\" style=\"background-color:#6a635f\"><\/span><img loading=\"lazy\" decoding=\"async\" width=\"643\" height=\"360\" class=\"wp-block-cover__image-background wp-image-43\" alt=\"\" src=\"https:\/\/www.pasitalo.com\/wp-content\/uploads\/2024\/12\/likanen-kamppa.jpg\" data-object-fit=\"cover\" srcset=\"https:\/\/www.pasitalo.com\/wp-content\/uploads\/2024\/12\/likanen-kamppa.jpg 643w, https:\/\/www.pasitalo.com\/wp-content\/uploads\/2024\/12\/likanen-kamppa-300x168.jpg 300w\" sizes=\"auto, (max-width: 643px) 100vw, 643px\" \/><div class=\"wp-block-cover__inner-container has-global-padding is-layout-constrained wp-block-cover-is-layout-constrained\">\n<h2 class=\"wp-block-heading has-text-align-center is-style-text-display has-border-color has-base-border-color has-base-background-color has-background has-roboto-slab-font-family is-style-text-display--1\" style=\"border-width:2px;padding-right:0px;padding-left:0px;font-size:clamp(1.25em, 1.25rem + ((1vw - 0.2em) * 1.176), 2em);font-style:normal;font-weight:600;line-height:0\">Pasitalo &#8211; Paras talo<\/h2>\n<\/div><\/div>\n\n\n\n<div style=\"height:2px\" aria-hidden=\"true\" class=\"wp-block-spacer\"><\/div>\n\n\n\n<div class=\"wp-block-columns is-layout-flex wp-container-core-columns-is-layout-1 wp-block-columns-is-layout-flex\">\n<div class=\"wp-block-column is-layout-flow wp-block-column-is-layout-flow\">\n<p>Pasitalo on paikka, jossa maailma hiljenee ja rauha astuu sis\u00e4\u00e4n. T\u00e4m\u00e4 idyllinen turvapaikka tarjoaa suojaa ja lohtua kaikille, jotka haluavat hetkeksi irtautua el\u00e4m\u00e4n kiireist\u00e4, huolista tai maailman synkist\u00e4 varjoista. Pasitalon ovet ovat avoinna kaikille, jotka etsiv\u00e4t turvaa, heng\u00e4hdystaukoa tai uuden alun mahdollisuutta.<\/p>\n\n\n\n<p>Pasitalossa jokainen voi olla oma itsens\u00e4. Kodikkaassa ymp\u00e4rist\u00f6ss\u00e4 voit l\u00f6yt\u00e4\u00e4 hetken aikaa itsellesi tai jakaa tarinasi muiden samanhenkisten ihmisten kanssa. Luonto ymp\u00e4r\u00f6i Pasitaloa ja kutsuu hiljentym\u00e4\u00e4n, kun taas sis\u00e4tiloissa odottavat l\u00e4mpim\u00e4t huoneet, yst\u00e4v\u00e4lliset kasvot ja tunne yhteis\u00f6llisyydest\u00e4.<\/p>\n\n\n\n<p><\/p>\n<\/div>\n<\/div>\n","protected":false},"excerpt":{"rendered":"<p>Pasitalo on paikka, jossa maailma hiljenee ja rauha astuu sis\u00e4\u00e4n. T\u00e4m\u00e4 idyllinen turvapaikka tarjoaa suojaa ja lohtua kaikille, jotka haluavat hetkeksi irtautua el\u00e4m\u00e4n kiireist\u00e4, huolista tai maailman synkist\u00e4 varjoista. Pasitalon ovet ovat avoinna kaikille, jotka etsiv\u00e4t turvaa, heng\u00e4hdystaukoa tai uuden alun mahdollisuutta. Pasitalossa jokainen voi olla oma itsens\u00e4. Kodikkaassa ymp\u00e4rist\u00f6ss\u00e4 voit l\u00f6yt\u00e4\u00e4 hetken aikaa itsellesi [&hellip;]<\/p>\n","protected":false},"author":1,"featured_media":0,"parent":0,"menu_order":0,"comment_status":"closed","ping_status":"closed","template":"page-no-title","meta":{"footnotes":""},"class_list":["post-23","page","type-page","status-publish","hentry"],"_links":{"self":[{"href":"https:\/\/www.pasitalo.com\/index.php?rest_route=\/wp\/v2\/pages\/23","targetHints":{"allow":["GET"]}}],"collection":[{"href":"https:\/\/www.pasitalo.com\/index.php?rest_route=\/wp\/v2\/pages"}],"about":[{"href":"https:\/\/www.pasitalo.com\/index.php?rest_route=\/wp\/v2\/types\/page"}],"author":[{"embeddable":true,"href":"https:\/\/www.pasitalo.com\/index.php?rest_route=\/wp\/v2\/users\/1"}],"replies":[{"embeddable":true,"href":"https:\/\/www.pasitalo.com\/index.php?rest_route=%2Fwp%2Fv2%2Fcomments&post=23"}],"version-history":[{"count":28,"href":"https:\/\/www.pasitalo.com\/index.php?rest_route=\/wp\/v2\/pages\/23\/revisions"}],"predecessor-version":[{"id":83,"href":"https:\/\/www.pasitalo.com\/index.php?rest_route=\/wp\/v2\/pages\/23\/revisions\/83"}],"wp:attachment":[{"href":"https:\/\/www.pasitalo.com\/index.php?rest_route=%2Fwp%2Fv2%2Fmedia&parent=23"}],"curies":[{"name":"wp","href":"https:\/\/api.w.org\/{rel}","templated":true}]}}